{"id":26053,"date":"2021-09-21T19:29:04","date_gmt":"2021-09-21T17:29:04","guid":{"rendered":"https:\/\/ai4dummies.pl\/?page_id=26053"},"modified":"2021-11-11T20:19:44","modified_gmt":"2021-11-11T19:19:44","slug":"o-nas","status":"publish","type":"page","link":"https:\/\/ai4dummies.pl\/?page_id=26053","title":{"rendered":"O nas"},"content":{"rendered":"\n<h2 class=\"has-text-align-center has-ast-global-color-5-color has-ast-global-color-0-background-color has-text-color has-background wp-block-heading\" id=\"cel-tej-strony\">Cel tej strony<\/h2>\n\n\n\n<p class=\"has-drop-cap has-vivid-cyan-blue-color has-text-color\">Ta strona jest dla tych kt\u00f3rzy chc\u0105 w spos\u00f3b bezbolesny si\u0119 czego\u015b dowiedzie\u0107 lub co\u015b wnie\u015b\u0107 do tematyki uczenia maszynowego, sieci neuronowych, uk\u0142ad\u00f3w decyzyjnych i sztucznej inteligencji. Przyjmujemy ka\u017cd\u0105 konstruktywna krytyk\u0119. Je\u015bli masz sugestie uwagi zauwa\u017cy\u0142e\u015b b\u0142\u0119dy &#8211; pisz, podziel si\u0119 wiedz\u0105. Masz co\u015b ciekawego do opublikowania dodamy Tw\u00f3j wpis z nickiem lub z imienia i nazwiska. Jedyne na co musisz, to zgodzi\u0107 si\u0119 na powielanie i wykorzystanie tego co publikujesz na tej stronie bezp\u0142atnie<\/p>\n\n\n\n<p class=\"has-drop-cap has-text-align-left has-vivid-cyan-blue-color has-text-color\">Czego nie b\u0119dzie na tej stronie. Wszelka korespondencja b\u0119dzie widoczna ale jako w\u0142a\u015bciciele tej strony zastrzegamy sobie prawo do pe\u0142nej administracji publikowanej tre\u015bci, natomiast publikowane teksty ch\u0119tnych uczestnik\u00f3w nie b\u0119d\u0105 przez nas w jakikolwiek spos\u00f3b edytowane. To samo dotyczy prezentacji autora opracowania.<\/p>\n\n\n\n<p>&nbsp;<\/p>\n\n\n\n<p>&nbsp;<\/p>\n\n\n\n<h2 class=\"has-text-align-center has-vivid-cyan-blue-color has-ast-global-color-0-background-color has-text-color has-background wp-block-heading\" id=\"autorzy-i-wlasciciele-strony\">Autorzy i w\u0142a\u015bciciele strony<\/h2>\n\n\n\n<hr class=\"wp-block-separator aligncenter has-text-color has-background has-vivid-cyan-blue-background-color has-vivid-cyan-blue-color\"\/>\n\n\n\n<div style=\"height:123px\" aria-hidden=\"true\" class=\"wp-block-spacer\"><\/div>\n\n\n\n<div class=\"wp-block-columns alignwide are-vertically-aligned-center is-layout-flex wp-container-core-columns-is-layout-9d6595d7 wp-block-columns-is-layout-flex\">\n<div class=\"wp-block-column is-layout-flow wp-block-column-is-layout-flow\" style=\"flex-basis:25%\">\n<figure class=\"wp-block-image size-full\"><img loading=\"lazy\" decoding=\"async\" width=\"818\" height=\"617\" src=\"https:\/\/ai4dummies.pl\/wp-content\/uploads\/2021\/09\/don.jpg\" alt=\"\" class=\"wp-image-26251\" srcset=\"https:\/\/ai4dummies.pl\/wp-content\/uploads\/2021\/09\/don.jpg 818w, https:\/\/ai4dummies.pl\/wp-content\/uploads\/2021\/09\/don-300x226.jpg 300w, https:\/\/ai4dummies.pl\/wp-content\/uploads\/2021\/09\/don-768x579.jpg 768w\" sizes=\"auto, (max-width: 818px) 100vw, 818px\" \/><\/figure>\n<\/div>\n\n\n\n<div class=\"wp-block-column is-layout-flow wp-block-column-is-layout-flow\" style=\"flex-basis:75%\">\n<h4 class=\"has-text-align-center wp-block-heading\" id=\"donat-don-autor\"><a href=\"https:\/\/pl.linkedin.com\/in\/donat-tomczak-24b2a94\">Donat<\/a> &#8222;Don&#8221; &#8211; autor<\/h4>\n\n\n\n<p>60+, absolwent Uniwersytetu Technologiczno-Przyrodniczego w Bydgoszczy. Projektant, konstruktor jeden z wsp\u00f3\u0142tw\u00f3rc\u00f3w ma\u0142ogabarytowej cyfrowej centrali telefonicznej U10L Telkom Telfa (AT&amp;T). Senior Project Manager w Lucent Techniologies, Alcatel-Lucent, Nokia. Aktualnie zatrudniony jako analityk. Certyfikacja na systemy telekomunikacyjne Radiolines Terestial, PDH, SDH, DWDM. Java developer uko\u0144czony kurs SDAcademy 2020.<br>Publikacje &#8211; jako wsp\u00f3\u0142autor:<br>1.<span class=\"has-inline-color has-vivid-cyan-blue-color\"> <\/span><span class=\"has-inline-color has-ast-global-color-8-color\">&#8222;<a href=\"https:\/\/www.researchgate.net\/publication\/308289068_Pomiary_dyspersji_chromatycznej_tras_swiatlowodowych\">Pomiary dyspersji chromatycznej tras \u015bwiat\u0142owodowych<\/a><\/span>&#8221; <\/p>\n\n\n\n<p>2. &#8222;<span class=\"has-inline-color has-ast-global-color-8-color\"><a href=\"https:\/\/www.researchgate.net\/publication\/308266192_Przygotowanie_istniejacej_swiatlowodowej_sieci_szkieletowej_do_dalekosieznej_transmisji\">Przygotowanie istniej\u0105cej \u015bwiat\u0142owodowej sieci szkieletowej do dalekosi\u0119\u017cnej transmisji<\/a>&#8221; <\/span><\/p>\n\n\n\n<p>&nbsp;<\/p>\n<\/div>\n<\/div>\n\n\n\n<div class=\"wp-block-columns alignwide are-vertically-aligned-center is-layout-flex wp-container-core-columns-is-layout-9d6595d7 wp-block-columns-is-layout-flex\">\n<div class=\"wp-block-column is-layout-flow wp-block-column-is-layout-flow\" style=\"flex-basis:25%\">\n<figure class=\"wp-block-image size-full\"><img loading=\"lazy\" decoding=\"async\" width=\"468\" height=\"616\" src=\"https:\/\/ai4dummies.pl\/wp-content\/uploads\/2021\/09\/tom.jpg\" alt=\"\" class=\"wp-image-26233\" srcset=\"https:\/\/ai4dummies.pl\/wp-content\/uploads\/2021\/09\/tom.jpg 468w, https:\/\/ai4dummies.pl\/wp-content\/uploads\/2021\/09\/tom-228x300.jpg 228w\" sizes=\"auto, (max-width: 468px) 100vw, 468px\" \/><\/figure>\n<\/div>\n\n\n\n<div class=\"wp-block-column is-layout-flow wp-block-column-is-layout-flow\" style=\"flex-basis:75%\">\n<h4 class=\"has-text-align-center wp-block-heading\" id=\"tomasz-tom-recenzent\">Tomasz &#8222;Tom&#8221;  &#8211; recenzent<\/h4>\n\n\n\n<p>40+, humanista, pasjonat nowych technologii, gier retro, zakamark\u00f3w Internetu. Zapalony &#8222;kret&#8221; internetowy potrafi\u0105cy wyszuka\u0107 informacje staj\u0105c w rywalizacji z wyszukiwark\u0105 na liter\u0119 &#8222;G&#8221; \ud83d\ude42 Posiadacz dw\u00f3ch futrzastych, cztero\u0142apnych mini tygrys\u00f3w. <\/p>\n\n\n\n<p><\/p>\n\n\n\n<ul class=\"wp-block-social-links is-layout-flex wp-block-social-links-is-layout-flex\"><li class=\"wp-social-link wp-social-link-facebook  wp-block-social-link\"><a href=\"#\" class=\"wp-block-social-link-anchor\"><svg width=\"24\" height=\"24\" viewBox=\"0 0 24 24\" version=\"1.1\" xmlns=\"http:\/\/www.w3.org\/2000\/svg\" aria-hidden=\"true\" focusable=\"false\"><path d=\"M12 2C6.5 2 2 6.5 2 12c0 5 3.7 9.1 8.4 9.9v-7H7.9V12h2.5V9.8c0-2.5 1.5-3.9 3.8-3.9 1.1 0 2.2.2 2.2.2v2.5h-1.3c-1.2 0-1.6.8-1.6 1.6V12h2.8l-.4 2.9h-2.3v7C18.3 21.1 22 17 22 12c0-5.5-4.5-10-10-10z\"><\/path><\/svg><span class=\"wp-block-social-link-label screen-reader-text\">Facebook<\/span><\/a><\/li>\n\n<li class=\"wp-social-link wp-social-link-twitter  wp-block-social-link\"><a href=\"#\" class=\"wp-block-social-link-anchor\"><svg width=\"24\" height=\"24\" viewBox=\"0 0 24 24\" version=\"1.1\" xmlns=\"http:\/\/www.w3.org\/2000\/svg\" aria-hidden=\"true\" focusable=\"false\"><path d=\"M22.23,5.924c-0.736,0.326-1.527,0.547-2.357,0.646c0.847-0.508,1.498-1.312,1.804-2.27 c-0.793,0.47-1.671,0.812-2.606,0.996C18.324,4.498,17.257,4,16.077,4c-2.266,0-4.103,1.837-4.103,4.103 c0,0.322,0.036,0.635,0.106,0.935C8.67,8.867,5.647,7.234,3.623,4.751C3.27,5.357,3.067,6.062,3.067,6.814 c0,1.424,0.724,2.679,1.825,3.415c-0.673-0.021-1.305-0.206-1.859-0.513c0,0.017,0,0.034,0,0.052c0,1.988,1.414,3.647,3.292,4.023 c-0.344,0.094-0.707,0.144-1.081,0.144c-0.264,0-0.521-0.026-0.772-0.074c0.522,1.63,2.038,2.816,3.833,2.85 c-1.404,1.1-3.174,1.756-5.096,1.756c-0.331,0-0.658-0.019-0.979-0.057c1.816,1.164,3.973,1.843,6.29,1.843 c7.547,0,11.675-6.252,11.675-11.675c0-0.178-0.004-0.355-0.012-0.531C20.985,7.47,21.68,6.747,22.23,5.924z\"><\/path><\/svg><span class=\"wp-block-social-link-label screen-reader-text\">Twitter<\/span><\/a><\/li>\n\n<li class=\"wp-social-link wp-social-link-instagram  wp-block-social-link\"><a href=\"#\" class=\"wp-block-social-link-anchor\"><svg width=\"24\" height=\"24\" viewBox=\"0 0 24 24\" version=\"1.1\" xmlns=\"http:\/\/www.w3.org\/2000\/svg\" aria-hidden=\"true\" focusable=\"false\"><path d=\"M12,4.622c2.403,0,2.688,0.009,3.637,0.052c0.877,0.04,1.354,0.187,1.671,0.31c0.42,0.163,0.72,0.358,1.035,0.673 c0.315,0.315,0.51,0.615,0.673,1.035c0.123,0.317,0.27,0.794,0.31,1.671c0.043,0.949,0.052,1.234,0.052,3.637 s-0.009,2.688-0.052,3.637c-0.04,0.877-0.187,1.354-0.31,1.671c-0.163,0.42-0.358,0.72-0.673,1.035 c-0.315,0.315-0.615,0.51-1.035,0.673c-0.317,0.123-0.794,0.27-1.671,0.31c-0.949,0.043-1.233,0.052-3.637,0.052 s-2.688-0.009-3.637-0.052c-0.877-0.04-1.354-0.187-1.671-0.31c-0.42-0.163-0.72-0.358-1.035-0.673 c-0.315-0.315-0.51-0.615-0.673-1.035c-0.123-0.317-0.27-0.794-0.31-1.671C4.631,14.688,4.622,14.403,4.622,12 s0.009-2.688,0.052-3.637c0.04-0.877,0.187-1.354,0.31-1.671c0.163-0.42,0.358-0.72,0.673-1.035 c0.315-0.315,0.615-0.51,1.035-0.673c0.317-0.123,0.794-0.27,1.671-0.31C9.312,4.631,9.597,4.622,12,4.622 M12,3 C9.556,3,9.249,3.01,8.289,3.054C7.331,3.098,6.677,3.25,6.105,3.472C5.513,3.702,5.011,4.01,4.511,4.511 c-0.5,0.5-0.808,1.002-1.038,1.594C3.25,6.677,3.098,7.331,3.054,8.289C3.01,9.249,3,9.556,3,12c0,2.444,0.01,2.751,0.054,3.711 c0.044,0.958,0.196,1.612,0.418,2.185c0.23,0.592,0.538,1.094,1.038,1.594c0.5,0.5,1.002,0.808,1.594,1.038 c0.572,0.222,1.227,0.375,2.185,0.418C9.249,20.99,9.556,21,12,21s2.751-0.01,3.711-0.054c0.958-0.044,1.612-0.196,2.185-0.418 c0.592-0.23,1.094-0.538,1.594-1.038c0.5-0.5,0.808-1.002,1.038-1.594c0.222-0.572,0.375-1.227,0.418-2.185 C20.99,14.751,21,14.444,21,12s-0.01-2.751-0.054-3.711c-0.044-0.958-0.196-1.612-0.418-2.185c-0.23-0.592-0.538-1.094-1.038-1.594 c-0.5-0.5-1.002-0.808-1.594-1.038c-0.572-0.222-1.227-0.375-2.185-0.418C14.751,3.01,14.444,3,12,3L12,3z M12,7.378 c-2.552,0-4.622,2.069-4.622,4.622S9.448,16.622,12,16.622s4.622-2.069,4.622-4.622S14.552,7.378,12,7.378z M12,15 c-1.657,0-3-1.343-3-3s1.343-3,3-3s3,1.343,3,3S13.657,15,12,15z M16.804,6.116c-0.596,0-1.08,0.484-1.08,1.08 s0.484,1.08,1.08,1.08c0.596,0,1.08-0.484,1.08-1.08S17.401,6.116,16.804,6.116z\"><\/path><\/svg><span class=\"wp-block-social-link-label screen-reader-text\">Instagram<\/span><\/a><\/li><\/ul>\n\n\n\n<p>&nbsp;<\/p>\n<\/div>\n<\/div>\n\n\n\n<div class=\"wp-block-columns alignwide is-layout-flex wp-container-core-columns-is-layout-9d6595d7 wp-block-columns-is-layout-flex\">\n<div class=\"wp-block-column is-layout-flow wp-block-column-is-layout-flow\" style=\"flex-basis:24%\">\n<figure class=\"wp-block-image is-resized\"><img loading=\"lazy\" decoding=\"async\" src=\"https:\/\/ai4dummies.pl\/wp-content\/uploads\/2021\/09\/IMG_20200621_090617_3Cat-1024x768.jpg\" alt=\"\" class=\"wp-image-26127\" width=\"375\" height=\"280\" srcset=\"https:\/\/ai4dummies.pl\/wp-content\/uploads\/2021\/09\/IMG_20200621_090617_3Cat-1024x768.jpg 1024w, https:\/\/ai4dummies.pl\/wp-content\/uploads\/2021\/09\/IMG_20200621_090617_3Cat-300x225.jpg 300w, https:\/\/ai4dummies.pl\/wp-content\/uploads\/2021\/09\/IMG_20200621_090617_3Cat-768x576.jpg 768w, https:\/\/ai4dummies.pl\/wp-content\/uploads\/2021\/09\/IMG_20200621_090617_3Cat-1536x1152.jpg 1536w, https:\/\/ai4dummies.pl\/wp-content\/uploads\/2021\/09\/IMG_20200621_090617_3Cat-2048x1535.jpg 2048w\" sizes=\"auto, (max-width: 375px) 100vw, 375px\" \/><\/figure>\n<\/div>\n\n\n\n<div class=\"wp-block-column is-layout-flow wp-block-column-is-layout-flow\" style=\"flex-basis:76%\">\n<h4 class=\"has-text-align-center wp-block-heading\" id=\"fifi-pomyslodawca\"><mark style=\"background-color:rgba(0, 0, 0, 0)\" class=\"has-inline-color has-black-color\">Fifi &#8211; pomys\u0142odawca<\/mark><\/h4>\n\n\n\n<div class=\"wp-block-columns is-layout-flex wp-container-core-columns-is-layout-9d6595d7 wp-block-columns-is-layout-flex\">\n<div class=\"wp-block-column is-layout-flow wp-block-column-is-layout-flow\" style=\"flex-basis:100%\">\n<p class=\"has-text-align-left\">19+ Nie wiadomo na czym si\u0119 zna, ale wszyscy m\u00f3wi\u0105 na niego konsultant.<\/p>\n<\/div>\n<\/div>\n\n\n\n<p>&nbsp;<\/p>\n<\/div>\n<\/div>\n\n\n\n<h2 class=\"has-text-align-center has-vivid-cyan-blue-color has-ast-global-color-0-background-color has-text-color has-background wp-block-heading\" id=\"opinie-i-uwagi\"><a href=\"https:\/\/ai4dummies.pl\/wp-admin\/post.php?post=26010&amp;action=edit\" data-type=\"URL\" data-id=\"https:\/\/ai4dummies.pl\/wp-admin\/post.php?post=26010&amp;action=edit\">Opinie i uwagi<\/a><\/h2>\n\n\n\n<p><\/p>\n\n\n\n<h2 class=\"has-text-align-center wp-block-heading\">&nbsp;<\/h2>\n\n\n\n<p><\/p>\n","protected":false},"excerpt":{"rendered":"<p>Cel tej strony Ta strona jest dla tych kt\u00f3rzy chc\u0105 w spos\u00f3b bezbolesny si\u0119 czego\u015b dowiedzie\u0107 lub co\u015b wnie\u015b\u0107 do tematyki uczenia maszynowego, sieci neuronowych, uk\u0142ad\u00f3w decyzyjnych i sztucznej inteligencji. Przyjmujemy ka\u017cd\u0105 konstruktywna krytyk\u0119. Je\u015bli masz sugestie uwagi zauwa\u017cy\u0142e\u015b b\u0142\u0119dy &#8211; pisz, podziel si\u0119 wiedz\u0105. Masz co\u015b ciekawego do opublikowania dodamy Tw\u00f3j wpis z nickiem [&hellip;]<\/p>\n","protected":false},"author":1,"featured_media":0,"parent":0,"menu_order":0,"comment_status":"closed","ping_status":"closed","template":"full-width.php","meta":{"footnotes":""},"class_list":["post-26053","page","type-page","status-publish","hentry"],"_links":{"self":[{"href":"https:\/\/ai4dummies.pl\/index.php?rest_route=\/wp\/v2\/pages\/26053","targetHints":{"allow":["GET"]}}],"collection":[{"href":"https:\/\/ai4dummies.pl\/index.php?rest_route=\/wp\/v2\/pages"}],"about":[{"href":"https:\/\/ai4dummies.pl\/index.php?rest_route=\/wp\/v2\/types\/page"}],"author":[{"embeddable":true,"href":"https:\/\/ai4dummies.pl\/index.php?rest_route=\/wp\/v2\/users\/1"}],"replies":[{"embeddable":true,"href":"https:\/\/ai4dummies.pl\/index.php?rest_route=%2Fwp%2Fv2%2Fcomments&post=26053"}],"version-history":[{"count":60,"href":"https:\/\/ai4dummies.pl\/index.php?rest_route=\/wp\/v2\/pages\/26053\/revisions"}],"predecessor-version":[{"id":26378,"href":"https:\/\/ai4dummies.pl\/index.php?rest_route=\/wp\/v2\/pages\/26053\/revisions\/26378"}],"wp:attachment":[{"href":"https:\/\/ai4dummies.pl\/index.php?rest_route=%2Fwp%2Fv2%2Fmedia&parent=26053"}],"curies":[{"name":"wp","href":"https:\/\/api.w.org\/{rel}","templated":true}]}}